ue of (-12 - 1) + (56 - 39)?
4
What is 1 + 8 - ((-21 - -7) + 22)?
1
6 - (-11 + 7 + 7 + -13 + 45)
-29
Calculate (33 + -60 - -37) + 21.
31
-14 + -21 + -18 + 30
-23
-6 - (-2 + 5 - 10)
1
-9 + 18 + -12 + 8
5
-9 - (-6 + -18 + 15)
0
What is 89 + -37 + 0 + -23?
29
Calculate 3 + -14 + 9 - 5.
-7
Calculate 5 + (23 - 12) - 13.
3
Calculate -1 + -2 + 2 - (2 + -21).
18
What is the value of ((-7 - 4) + 5 - (-7 - 4)) + -14?
-9
What is the value of -9 + -1 - (8 + -6 - -11)?
-23
Evaluate 1 - (12 + -26 + 42 + -1).
-26
-10 - -38 - (51 + -46)
23
Evaluate (-3 - (4 + -2 + -15)) + 9 + -7.
12
-7 + -11 + 3 - -24
9
What is the value of -2008 - -1962 - (-17 - 1)?
-28
What is (-48 - -35) + (2 - (-1 - 4))?
-6
What is 0 + (-11 - (2 + -16 + 9 + -4))?
-2
What is the value of -8 - 1 - (29 + -47 + 18)?
-9
What is the value of (-7 - -2 - 3) + -13 + 15?
-6
Evaluate 47 + -51 - (1 - (-4 - -2)).
-7
-8 + (-26 - 5) - -24
-15
Calculate 17 - (-12 + 3 - (-5 - 10)).
11
Evaluate 48 - 49 - (30 - 6 - (1 - 0)).
-24
Evaluate -6 + (-7 - (15 + -28)).
0
Calculate 5 + (-2 - -6) + -13 + 12 + 5.
13
What is 44 + -35 + (4 - (14 - -4))?
-5
What is -3 - 1 - (8 + 0 + -22)?
10
What is the value of -1998 - -2010 - (-1 - -15)?
-2
What is the value of 129 - 125 - ((8 - -3) + (-1 - -1))?
-7
What is the value of 12 - (-7 - -31) - -20?
8
90 + -80 - (10 - 1)
1
What is the value of -16 - (-2 - -4 - 6) - (-21 - -22)?
-13
13 + (-34 - (7 - 12))
-16
What is (12 - 21) + (-2 - -11) + -6?
-6
What is the value of -1 + (0 + (12 - 29) - -7)?
-11
13 + 16 + -8 + -5 - 1
15
-20 - (-2 - 8) - -9
-1
What is the value of 5 - (-27 - -19 - -17)?
-4
Calculate -2 - 20 - (-3 + -14).
-5
Calculate (-15 - -1) + 5 + 6 + 3.
0
Calculate (19 - 15) + 0 - -19.
23
Evaluate (6 - -7) + -18 + -1 + 3.
-3
-301 + 295 + (14 - ((-1 - -1) + 1))
7
Calculate -7 - (5 - (-10 - (-11 + 2))).
-13
What is the value of 11 - 1 - (-74 + 40 + 33)?
11
Evaluate 11 + 8 + -23 + -1 - (12 - 0).
-17
-84 + 70 - (2 - 14)
-2
What is -1 - (-8 + (-11 + 3 - -14))?
1
(-3 - 6 - 3 - -7) + 4 + -20
-21
Calculate 0 - -2 - (15 + 5) - (7 + -13).
-12
What is the value of (3 - 12) + 10 + 4?
5
Evaluate 11 - (0 - (5 + -1) - -14).
1
Evaluate (-50 - -44) + 2 + 0 + 13.
9
What is the value of -60 + 0 + (-45 - (-82 - -17))?
-40
Evaluate 0 + 24 + (40 + -39 - (8 + -2)).
19
What is (-13 - (-5 - 28)) + 17 - 8?
29
What is 17 + -5 - -5 - 14?
3
What is 0 - -4 - (3 + (13 - (-13 + 31)))?
6
85 - 61 - (5 + 2)
17
Evaluate 18 - (11 - (28 - 10) - -5).
20
Evaluate 1 - (14 + -3 - 4) - 7.
-13
What is -1 - -7 - 7 - (7 - 12)?
4
Evaluate 20 + -4 + -1 + 2 + -8.
9
Evaluate 2 + -17 - -17 - (3 - (1 + 0)).
0
Evaluate (-14 - -1) + 15 + (7 - 3).
6
What is -5 + -7 - (45 - 53)?
-4
What is 9 + -4 + -17 + 8 - 0?
-4
What is -12 - (-14 + 30 + -6 + -1 + -9)?
-12
(9 - 18) + 20 + 9 + -10
10
What is -36 + -7 + 15 + 0 + 11?
-17
Calculate (-8 - 8) + (4 + -5 - -11).
-6
Evaluate 0 - 5 - (1 + (2 - 5)).
-3
(-3 + 7 - -2 - 9) + -5 + -2
-10
What is -11 + 12 + -3 + -9?
-11
What is 0 + -4 + -13 + -6 + 11?
-12
What is -4 + -19 + 22 + 7?
6
What is -61 + 92 - (-17 - -39)?
9
-1 - 10 - (-2 + 17 + (2 - 13))
-15
What is the value of 2 + -6 + -15 + (42 - 18)?
5
What is -3 + 0 + -1 + -4 + 4 + -6?
-10
Evaluate -8 + 28 + -24 - -27.
23
Evaluate 9 + -17 + 6 + -8.
-10
Calculate (-10 - -14 - 0) + (-12 - (-2 - 0)).
-6
What is -554 + 564 + -5 + 0 + -2?
3
What is (0 + 4 - 0) + -2?
2
-2 + 1 + -4 - (-18 + 3 + -6)
16
21 + -9 + (-1 - -2) - -4
17
What is 5 + -9 + 28 - 14?
10
What is the value of (7 - (11 + -16)) + (-22 - 0)?
-10
What is the value of (8 - (25 + (-2 - -10 - -3))) + -4?
-32
What is the value of -2 + (3 - -4) - (-24 - (2 - 19))?
12
(27 - 1) + -33 - -13
6
17 - (-17 + 11 + 42) - -55
36
Calculate 3 + 1 - (-80 - -52).
32
Evaluate (-34 - -10 - -9 - -6) + 4.
-5
What is -49 - -39 - (5 + -11)?
-4
(-4 - -2) + -3 - (22 - 22)
-5
What is the value of -35 + (1 - -2) - (0 + -2 - 5)?
-25
What is (2 - -6) + (-9 - -12) + (2 - 1)?
12
What is the value of 18 + 3 + (-196 - -175)?
0
What is -16 - (-15 + 14) - -12?
-3
Evaluate (8 - (0 + 3) - 10 - -17) + -7.
5
Calculate -262 + 251 - (1 - 12).
0
Evaluate -2 + (-12 - -6) - -10.
2
What is the value of -4 + (-5 - -11) - -12 - 7?
7
What is the value of 5 - 1 - (-17 - (-25 + 4))?
0
Calculate (9 - (5 + 5 + 5)) + 0.
-6
What is -18 + (29 - 0) - ((3 - 0) + -1)?
9
What is the value of (58 - 31) + -25 - (-1 - 3)?
6
Calculate -13 + 33 - (-7 + 11).
16
Calculate (17 - 20) + -12 + (3 - -9).
-3
What is the value of -6 - (11 + -12 + -11) - (-4 - 12)?
22
What is -8 - -10 - (35 - 42)?
9
11 + 7 - 43 - -21
-4
4 - (15 + -20 - 8)
17
0 - 15 - (-8 + 7)
-14
Calculate 1 + 4 + -6 + -8.
-9
6 - (-16 + -2 + 38)
-14
Evaluate 0 + 5 + (30 - 32) + 36 + -60.
-21
What is -732 + 730 + (-7 - -1)?
-8
What is the value of 16 + (4 - 1) + -18 - 8?
-7
-22 + 21 + 21 + -36
-16
Calculate -10 - (-8 + (6 + 1 - 4)).
-5
0 + 5 - (606 - 607)
6
-38 + 71 + 1 + -12 + 0
22
Calculate (-1 - 10) + (3 - -5 - 6) + 3.
-6
Calculate (-12 - 0) + (-12 - (16 - 39)).
-1
(14 - (15 - -5 - 16)) + -24 + 0
-14
11 - (9 - (0 + -32 - (-5 - -2)))
-27
Evaluate (8 - -2) + -12 + -12 - (-2 + -2).
-10
Calculate 3 + (-2 - -6) + (-2 - 34) + 14.
-15
What is (-4 - -1) + 9 + -11 + 7?
2
Evaluate 2 - -11 - (3 - -6).
4
What is (8 - 1) + 4 + (31 - 29)?
13
What is the value of 3 - (-2 + -18) - 6?
17
(-21 - -20) + (1 + -1 - (0 - 13))
12
What is 12 - ((-4 - 0) + (-5 - (-8 - 8)))?
5
-19 - (-14 + -37 + 12)
20
What is the value of (-14 + -11 - -17 - (-4 + -1)) + -9?
-12
Evaluate 10 - (-7 + 5 + 7) - (2 + -1).
4
What is -7 - -1 - (6 + 4 + (0 - 6))?
-10
(9 + -8 + 17 - -3) + -4 + -1
16
What is -11 - (-15 + 5) - -11?
10
Calculate -1 - (0 - -1) - -16.
14
What is the value of 42 + -64 - (6 + -7)?
-21
-2 + (2 + -4 + (-3 - 0) - -2)
-5
Evaluate (1 - 31) + 92 + -81.
-19
Calculate -7 + -2 + (-111 + 107 - (-5 - 0)).
-8
Calculate ((17 - 6) + -1 - 7) + -13 - -3.
-7
What is the value of -13 - (1 + -20 + 151 + -123)?
-22
Calculate (-6 - (3 - 1 - -3)) + (-7 - -1).
-17
What is the value of 26 - (-27 + (73 - 20))?
0
Evaluate 11 + (1 + 2 - (1 - 3 - -9)).
7
Calculate -15 - (2 + -3 + -1 - 7).
-6
Calculate -1 - (61 + -41 + -43).
22
Calculate -6 - ((27 - 11) + -19 + -16).
13
Calculate 1 - 8 - (-90 - -87).
-4
What is the value of 0 + -1 - (-1495 + 1505)?
-11
Calculate -15 + (-32 - -6) + 10 + 21.
-10
(1 - 2 - -13 - 19) + 5 - -26
24
-42 - (-4 - 30) - (8 - 1)
-15
What is 0 + 29 + 17 + (13 - 34)?
25
Calculate -30 + -8 + 10 - (-6 + 0).
-22
What is -8 - (-19 + 9 - -6) - (-24 - -4)?
16
(9 + 10 - (-1 - -8)) + -32
-20
What is -23 - (-10 + 18) - -11 - 15?
-35
6 - (-4 + -4 + 8)
6
407 + -398 - (-4 + 40)
-27
What is the value of 0 - -6 - (61 + -87 + 51)?
-19
9 + 8 + (-4 - 6) + -4
3
What is the value of (8 + -12 - -17 - 3) + -18?
-8
(-176 - -181) + 2 + -1 + (1 - 6)
1
Evaluate -24 + -1 + 30 + (-15 - -1).
-9
What is the value of 8 + 3 - (-106 + 109)?
8
What is (-4 - (-2 + 4)) + (-9 - (8 - 21))?
-2
What is the value of (9 - -3) + -9 + (-1 - 6) + -21?
-25
What is 0 + -4 + (-55 - (-41 + -19))?
1
Calculate -2 - -11 - 18 - 6.
-15
Evaluate 5 + -41 + 19 + -1 + 13.
-5
What is 9 + (-3 + (-2 - -3 - 4) - -8)?
11
Calculate -1 - (11 + -7 + 1).
-6
Evaluate -360 + 373 - (20 - 0).
-7
What is -2 + 6 - -4 - (-4 - (-2 - 1))?
9
Evaluate (11 - 0) + (-498 - -476).
-11
Calculate -4 - (-1 + -4) - (17 - (23 - 21)).
-14
Evaluate 14 + (18 - (20 + 13)).
-1
Calculate 4 + -6 + -1 + 4 + (-41 - -23).
-17
-10 - (13 + (9 - (-4 + 12)))
-24
Evaluate (1 + (-8 - -3 - -11) - 11) + 18.
14
What is the value of (14 - ((10 - 15) + 6)) + -7?
6
Calculate -17 + (-3 - (9 + -37)).
8
56 + (22 - 33) + -25
20
Evaluate -39 - (-46 + 15 + 17).
-25
Calculate (32 - 18) + -28 + 43.
29
What is (-1 - -3) + 7 + -39 + 51?
21
What is -8 + 18 + 1 + -10 + -1 + 1?
1
What is (-2 - (40 + -48 + 2 + -1)) + -6?
-1
What is the value of 8 + -1 + -4 + 1?
4
Calculate (0 - 42) + (-1600 - -1617).
-25
4 + (11 - (11 - -24))
-20
What is -4 - (1 + 9 + -19 + 14)?
-9
Calculate 6 - (8 + (-13 - -9 - -6)).
-4
Evaluate (-1 - 0) + 1 + 1 - (-50 + 57).
-6
What is the value of 15 - 11 - (17 + -12)?
-1
What is -26 + (25 + -22 - -2)?
-21
(-1 - -14 - 33) + 12
-8
(-7 - (-22 + (-4 - -14)) - 10) + 44
39
16 + -12 + (4 - (-1 - -4)) + -13
-8
(2 - -1) + -5 + 35 + -21
12
1 - (-4 + (-2 - -10) + 6)
-9
What is (30 - 1) + (-258 - -242)?
13
7 + 1 - (12 + (8 - (19